 x(j).
5
Let d(o) = -o**3 + 26*o**2 + 2*o - 51. Let i be d(26). Let c(h) = -9*h**2 - h + 1. Determine c(i).
-9
Let h(n) = -4*n + 1. Let k(z) = -28*z + 5. Let d(f) = 6*h(f) - k(f). Give d(4).
17
Let n = -26 - -25. Let c be 9 - 1*(-5)/n. Let d(o) = -o**2 + 5*o - 1. Calculate d(c).
3
Let a be -6*2*2/(-8). Suppose -2*d = -a*b + 17, 2*d = b - 7 - 4. Let n(k) = k**3 + 6*k**2 + 5*k - 2. What is n(d)?
10
Suppose -4*o = 12, -4*s + 31 = o - 6. Suppose 2*d + s = -4. Let a(i) = -i**3 - 7*i**2 + i + 10. What is a(d)?
3
Let l(c) = -5*c**3 - 2*c**2 + 2*c + 1. Let y(i) = 3*i**3 + 3*i**2 - 3*i - 1. Let j(b) = 2*l(b) + 3*y(b). Let m be (6/8)/((-27)/(-144)). Give j(m).
-5
Let y(m) = m**2 + 412*m**3 - 2*m**2 + 1 - 833*m**3 - 3*m + 2*m**2 + 417*m**3. Calculate y(1).
-5
Suppose -3*q + 7 = -2*q - 3*k, q + 7 = -4*k. Suppose 0*l + 5*l = 15. Let d(b) = 7*b**3 - 2*b**l + 7*b**3 + b**3 + b - 2*b**2. Calculate d(q).
12
Let i = 17 + -3. Let h(n) = -9*n + 2 + i*n - 7*n - 4*n**2 - n**3. Calculate h(-2).
-2
Let w = -84 - -88. Let f(b) = 2*b**3 - b**2 + 4*b - 3. Let z(p) = -6*p**3 + 3*p**2 - 11*p + 8. Let j(g) = w*z(g) + 11*f(g). What is j(1)?
-2
Let l(j) = -j**3 + 10*j**2 - 8*j - 9. Let o be (-27 + 9)/(-2 + 0). Let n be l(o). Let x(k) = 108*k**2 + 1 - 53*k**2 - 56*k**2. What is x(n)?
1
Suppose 63 = 5*a + 18. Let n(c) = 4*c**2 + 3*c**2 - 6*c**2 - 5*c - a. Calculate n(7).
5
Let l(f) = f**3 + 11*f**2 - 11. Let q(g) = g**3 + 10*g**2 - 10. Let p(z) = -3*l(z) + 4*q(z). Determine p(-7).
-7
Suppose -5*r = -3*g + 39, -3*g - r = -26 + 5. Let w(u) = 0 - g + u + 1. Let i(v) = v + 61. Let s be i(-57). Calculate w(s).
-3
Let u(g) = 3*g + 4. Let v be (-2)/4 + (-25)/10. Calculate u(v).
-5
Let x(y) be the second derivative of y**5/60 + y**4/24 + 7*y**3/6 - 11*y. Let o(f) be the second derivative of x(f). What is o(4)?
9
Let b = -48 - -45. Let y(x) = -7*x - 5. Let j(l) = 14*l + 9. Let q(z) = b*j(z) - 5*y(z). Let g(v) = v - 2. Let i be g(4). What is q(i)?
-16
Let j(n) be the second derivative of n**5/20 - 2*n**4/3 - 11*n**2/2 + 6*n. Let k(h) = -3*h**2 - 29*h - 10. Let s be k(-9). What is j(s)?
-11
Let j(i) be the third derivative of i**6/120 - i**5/10 - i**4/4 - 7*i**3/6 + 7*i**2 - 1. Let w = 17 + -10. Give j(w).
0
Let h(y) = y**2 - y + 3. Let g be 2/2 - (2 - 4). Let p be -12*(g/4 + -1). What is h(p)?
9
Let d(x) = x**3 + x. Let c be d(0). Suppose -2*m + 4 = -c*m. Let v(p) = -5 + 9 - 5 - 3 + m*p. What is v(4)?
4
Let c(q) = 4*q + 11. Let r(g) = 2*g + 5. Let h(t) = 4*c(t) - 9*r(t). Let i(l) = -l**2 + 3*l + 1. Let o(s) = 5*h(s) + 2*i(s). What is o(-3)?
-9
Let y(n) = 9*n - 2. Let d be 36/(-18)*2/(-4) + -5. Determine y(d).
-38
Let v(w) = -17*w + 39. Let f(j) = -4*j + 9. Let t(k) = 9*f(k) - 2*v(k). Give t(-3).
9
Let z be ((-26)/39)/((-2)/357). Let q = z - 121. Let n(j) = 2*j**3 + 2*j**2 - 2*j - 1. Determine n(q).
-5
Let t be (-56)/(-18)*27/72. Let u(r) be the third derivative of -1/12*r**4 + 0 + 0*r - r**2 - t*r**3. What is u(-6)?
5
Let y(z) = z**3 + 4*z**2 + 2. Let w = 11 - 6. Suppose 3*p = -4*u - 29, w*p + 0 - 10 = 5*u. Calculate y(p).
11
Let j(x) be the second derivative of -x**5/20 + x**4/12 + x**3/6 - x. Let d be (1 - ((-1)/2 + 1))*0/(-1). Calculate j(d).
0
Let n(q) = -q - 227 - 2*q + 2*q + 236. What is n(14)?
-5
Suppose 3*v - 12 = -b + 1, -v + 16 = -2*b. Let t(y) = v*y + 2*y**2 + y**2 - 3 - 2*y**2 + 0*y**2. Determine t(-3).
-12
Let p(r) = r**3 - 6*r**2 - 2*r - 6. Let x(y) = -2*y**3 + 4*y - 2. Let q be x(-2). Give p(q).
-18
Let r(a) be the first derivative of -a**2/2 + 2*a - 1. Suppose 0 = 298*f - 295*f. Give r(f).
2
Suppose 8*l = 10*l + 72. Let y = l - -39. Let a(k) = -2*k**2 + k + 2. Determine a(y).
-13
Let b(i) = -15*i**3 + 36*i**2 - 15*i + 13. Let t(n) = 7*n**3 - 17*n**2 + 7*n - 6. Let z(r) = -6*b(r) - 13*t(r). What is z(3)?
15
Let c(u) = -1 - 12*u**2 + 7*u**2 + 11*u**2. What is c(-1)?
5
Let v(z) = -3*z + 2. Let y = -12 + 18. Let f(w) = -2*w**2 + 12*w + 2. Let d be f(y). Determine v(d).
-4
Let c = 93 - 63. Suppose -4*i = -c + 14. Let g(n) = -3*n - 4 + 2 + 2*n - 3*n. Give g(i).
-18
Let j(w) = 82*w + 330. Let n be j(-4). Let c(h) be the first derivative of 0*h**n - 5 - 1/4*h**4 + 3*h - 2*h**3. Determine c(-6).
3
Let o(h) = -h**2 + 9*h + 7. Let f be o(8). Let i(u) = 2*u - 2*u**2 - f*u + 3 + 6*u. Determine i(-6).
-27
Let x(g) = 2*g - 7. Suppose -u - 6 = -0. Let w(s) = -7*s - 37. Let p be w(u). Determine x(p).
3
Let s be -1*(-35 - (-3 - -4)). Let i = s - 44. Let q(k) = k**3 + 8*k**2 - 2*k - 12. Calculate q(i).
4
Suppose 8 = 4*d + 8*v - 3*v, 4*d + v = -8. Let x(u) = 7*u - 3. Give x(d).
-24
Let j(o) = 9*o - 5. Let c(q) = 26*q - 14. Suppose -3*t = -19 - 14. Let i(u) = t*j(u) - 4*c(u). Determine i(1).
-4
Let y(s) = -5*s**2 - 6*s + 5. Let w(a) = -6*a**2 - 7*a + 6. Let g(d) = 6*w(d) - 7*y(d). Let j = -4 + 19. Suppose j = -4*k + 7. Give g(k).
-3
Suppose 34*t - 12 = 30*t. Let o(n) = -6*n + 11. Give o(t).
-7
Suppose -2*g + 8 = -8. Suppose 6*d + 4 = g*d. Let c(w) = -w**3 + 4*w**2 - 3*w + 1. Calculate c(d).
3
Suppose n - 45 = -n + b, -b = -3*n + 70. Let x(d) = n*d + 1 - 16*d + 4*d**2 - 12*d. Calculate x(2).
11
Let g be 1 + (0 + (-25)/(-15))*-3. Let t(j) = j**2 + 8*j + 10. Determine t(g).
-6
Let w(y) = 2*y + 1. Let l(k) = k + 3. Let b be l(-1). Let a be b/(-7) + 26/(-7). Let q be a/32 - 18/(-16). Give w(q).
3
Let y(q) be the second derivative of q**5/20 - q**4/2 + 5*q**3/6 + q**2 + 3*q. Determine y(4).
-10
Let n = 9 + -4. Let m(u) be the third derivative of 0*u - 1/2*u**3 + 0 + 1/12*u**4 - 5*u**2. Give m(n).
7
Let x(s) = -2*s**3 + 5*s**2 - 5*s + 4. Let q(d) = -5*d**3 + 9*d**2 - 12*d + 9. Let o(p) = 3*q(p) - 7*x(p). Calculate o(-8).
7
Let y be ((-186)/496)/(2/(-16)). Let x(m) = 3*m - 4. Calculate x(y).
5
Let u = 323 + -326. Let s(z) be the third derivative of -z**4/24 - 2*z**3/3 + 2*z**2. Calculate s(u).
-1
Suppose 4*a - 18 = -3*m, -2*a = 2 + 4. Let u(o) = 18 + 15*o - 27 - 5*o + 12 - o**2. What is u(m)?
3
Let d(f) = f - 1. Suppose -5*a - 18 = 4*q, 3 = -3*q - 3*a - 12. Determine d(q).
-8
Let v = -4997 - -4999. Let p(d) be the second derivative of d**5/20 - d**4/12 - d**3/3 - d**2/2 + d. What is p(v)?
-1
Let d(k) = -k - 2. Let p(l) = 5*l + 5. Let n(j) = 4*d(j) + p(j). What is n(5)?
2
Suppose 5*d = 2*f - 36, 37*d - f - 34 = 41*d. Let u(g) = 3*g + 17. Determine u(d).
-7
Let v(g) = 32*g**3 - 3*g**2 + 10*g + 4. Let p(s) = -33*s**3 + 2*s**2 - 8*s - 3. Let i(w) = 5*p(w) + 4*v(w). Give i(1).
-38
Let f(o) = 3*o**2 - 5 - 7*o**2 + 11*o - 7*o**2 - 8 + 0*o**2 + o**3. Give f(10).
-3
Let n(r) = 5*r - 7. Let y(l) = -1. Let x(d) = n(d) - 6*y(d). Let q be 2/14 - (-30)/35. What is x(q)?
4
Suppose -5 - 16 = -7*c. Suppose 3*q + 2*q + u - 58 = 0, 2 = q - c*u. Let l(b) = -b**2 + 11*b - 2. What is l(q)?
-2
Suppose -p - 16 = -5*z, -2 + 20 = 5*z - 3*p. Let n(y) = 7*y**3 - z*y**2 + y + 4*y**2 - 31 + 31. Determine n(-1).
-7
Let t = -537 - -552. Let g(n) = 2*n + 6 - 23 - 16. Let q be g(t). Let r(z) = z**3 + 2*z**2 - 2*z + 2. Determine r(q).
-1
Let c(a) = 16*a + 5*a - 9 + 4 + 6. Determine c(1).
22
Let c be -1 + 1 - 0/31. Let b(i) = i**2 + i - 9. Calculate b(c).
-9
Let d(r) = -56*r - 57*r + 167*r - 53*r + 6. Give d(-8).
-2
Let s(y) be the second derivative of y**7/2520 - 7*y**6/720 - 7*y**5/120 + y**4/4 + 8*y. Let d(x) be the third derivative of s(x). Give d(6).
-13
Let q(n) = -n**3 - 6*n**2 - 3*n - 1. Let d be 4/(-6)*(-1 + -5). Suppose 5*h + d*l = -2, -4*h + 2*l - 16 = -2*l. Give q(h).
-11
Let n(b) = 52 - 3*b**3 - 27 - 24. Let m(c) = -c + 4. Let g be m(3). Calculate n(g).
-2
Let c(q) = 5*q**3 + 2 - 271*q**2 - 5 + 277*q**2 - q - 4*q**3. Determine c(-5).
27
Let n(m) be the first derivative of m**3/3 - 2*m**2 + m - 7. Let r = -35 - -40. Give n(r).
6
Let u(n) = -6*n**3 + n. Suppose -3*o + 2*w - 45 = 0, -9 = 2*o - 4*w + 21. Let f be (3 - o/(-6))*4. Suppose -4 + f = 2*q. What is u(q)?
5
Let c(i) = i**2 + 2*i. Suppose 40 = 23*o - 33*o. Give c(o).
8
Suppose -45 = -18*k - 261. Let j(r) = -r**3 - 13*r**2 - 10*r + 17. What is j(k)?
-7
Let i(n) = 24*n - 83. Let u be i(4). Let g(r) = -r**3 + 13*r**2 + r - 1. Give g(u).
12
Let y(r) = -5*r**2 - 8*r - 8. Let b(c) = 2*c**2 + 4*c + 4. Let v(f) = 7*b(f) + 3*y(f). Suppose -8 = -4*d, -3*p - 4*d + 23 = -0. Determine v(p).
-1
Let i(x) = x**3 - 4*x**2 - 4*x + 4. Let g = -1223 + 1227. Calculate i(g).
-12
Suppo